r?
False
Is 21377 composite?
False
Is 149585 composite?
True
Is 44617 a prime number?
True
Is 781721 a composite number?
False
Is 87739 a prime number?
True
Is 32645 composite?
True
Is 42323 a prime number?
True
Is 80107 prime?
True
Is 549613 a prime number?
False
Is 15299 composite?
False
Is 34711 a composite number?
True
Is 2113193 composite?
True
Is 33691 composite?
True
Is 43243 a composite number?
True
Is 3269 a composite number?
True
Is 357317 prime?
False
Is 135097 a prime number?
False
Is 56305 a prime number?
False
Is 218711 a prime number?
True
Is 1480379 prime?
True
Is 346583 prime?
False
Is 13021 composite?
True
Is 30619 a composite number?
True
Is 24943 composite?
False
Is 302279 a composite number?
False
Is 34507 composite?
True
Is 129199 prime?
False
Is 863377 a prime number?
True
Is 64151 composite?
False
Is 51621 a composite number?
True
Is 885221 prime?
False
Is 42547 a composite number?
True
Is 587 a prime number?
True
Is 48947 a composite number?
False
Is 25057 composite?
False
Is 20765 composite?
True
Is 1272539 a prime number?
True
Is 81233 composite?
False
Is 25399 a prime number?
False
Is 10307 prime?
False
Is 7753 prime?
True
Is 23105 prime?
False
Is 1693 a prime number?
True
Is 44095 a prime number?
False
Is 807 composite?
True
Is 20261 a composite number?
False
Is 406309 a prime number?
True
Is 155315 prime?
False
Is 206501 prime?
True
Is 4573 composite?
True
Is 1438459 composite?
True
Is 2452809 a composite number?
True
Is 366677 a prime number?
True
Is 33931 prime?
True
Is 47249 prime?
False
Is 209801 prime?
True
Is 6098237 composite?
False
Is 3226099 a composite number?
False
Is 451 a prime number?
False
Is 271561 a prime number?
False
Is 63439 composite?
False
Is 364357 composite?
True
Is 125131 prime?
True
Is 41281 composite?
False
Is 4049 a prime number?
True
Is 9983 prime?
False
Is 65213 a composite number?
False
Is 14387 a prime number?
True
Is 10211 a composite number?
False
Is 3299 a prime number?
True
Is 300019 prime?
False
Is 67391 a composite number?
False
Is 5951 prime?
False
Is 25499 composite?
True
Is 2333 prime?
True
Is 124447 prime?
True
Is 11879 a prime number?
False
Is 25489 composite?
True
Is 32329 prime?
False
Is 110609 a prime number?
True
Is 103489 composite?
True
Is 72211 a composite number?
False
Is 307201 prime?
True
Is 325301 prime?
True
Is 24223 a composite number?
False
Is 1393941 a prime number?
False
Is 72271 composite?
False
Is 160049 prime?
True
Is 3337 prime?
False
Is 781 a composite number?
True
Is 467 a prime number?
True
Is 165441 a prime number?
False
Is 719 a prime number?
True
Is 56281 prime?
False
Is 673 composite?
False
Is 606017 a prime number?
True
Is 275771 a prime number?
False
Is 2111 a prime number?
True
Is 56413 prime?
False
Is 110509 a composite number?
True
Is 7499 prime?
True
Is 38431 composite?
False
Is 2165887 a prime number?
False
Is 390647 composite?
False
Is 137359 a prime number?
True
Is 24419 prime?
True
Is 176849 a composite number?
False
Is 38167 a prime number?
True
Is 413293 composite?
False
Is 288461 composite?
False
Is 30631 composite?
False
Is 58766 a composite number?
True
Is 46589 prime?
True
Is 155119 a composite number?
False
Is 51043 prime?
True
Is 7117 a prime number?
False
Is 481829 a composite number?
True
Is 21977 a composite number?
False
Is 3779 a prime number?
True
Is 40143 a prime number?
False
Is 1477 prime?
False
Is 20243 a prime number?
False
Is 19661 prime?
True
Is 72421 a composite number?
False
Is 17021 a prime number?
True
Is 797 a prime number?
True
Is 8279 composite?
True
Is 39607 a composite number?
False
Is 1659355 a prime number?
False
Is 37159 a prime number?
True
Is 14386 a composite number?
True
Is 18947 a composite number?
False
Is 285203 a prime number?
False
Is 8501 composite?
False
Is 11209 composite?
True
Is 20059 a composite number?
True
Is 1587527 a composite number?
False
Is 395033 composite?
True
Is 26597 prime?
True
Is 906257 a prime number?
False
Is 66295 a composite number?
True
Is 1974889 a composite number?
True
Is 25417 a prime number?
False
Is 190357 prime?
True
Is 2886077 prime?
True
Is 205111 a composite number?
False
Is 107129 prime?
False
Is 251219 composite?
False
Is 19289 prime?
True
Is 562 composite?
True
Is 553933 a prime number?
True
Is 33563 a prime number?
True
Is 54941 a composite number?
False
Is 481402 prime?
False
Is 3433 a composite number?
False
Is 8851 a prime number?
False
Is 51853 a composite number?
False
Is 70331 a composite number?
True
Is 1251287 a composite number?
False
Is 10799 composite?
False
Is 422029 a composite number?
False
Is 63499 a prime number?
True
Is 16301 prime?
True
Is 202369 a composite number?
True
Is 103319 composite?
False
Is 231905 a composite number?
True
Is 53527 a prime number?
True
Is 4861 prime?
True
Is 699923 composite?
True
Is 14799 a composite number?
True
Is 777041 a composite number?
False
Is 536561 a prime number?
True
Is 80059 prime?
False
Is 244939 a prime number?
True
Is 11863 prime?
True
Is 121763 a composite number?
False
Is 95063 a prime number?
True
Is 636613 a composite number?
False
Is 150193 composite?
False
Is 479081 a composite number?
False
Is 4861 prime?
True
Is 15959 a composite number?
False
Is 1481 a composite number?
False
Is 254117 a composite number?
True
Is 10313 a composite number?
False
Is 643481 prime?
False
Is 12622153 a composite number?
False
Is 6131 a prime number?
True
Is 4271 a prime number?
True
Is 2483 a composite number?
True
Is 47935 a prime number?
False
Is 239 a composite number?
False
Is 120605 prime?
False
Is 374843 composite?
True
Is 14699 composite?
False
Is 2402 prime?
False
Is 292153 prime?
False
Is 103769 composite?
False
Is 755309 composite?
False
Is 16847 prime?
False
Is 376757 composite?
False
Is 94407 prime?
False
Is 15991 a composite number?
False
Is 360079 composite?
True
Is 20171 a composite number?
True
Is 9665 a composite number?
True
Is 38297 prime?
False
Is 27923 a prime number?
False
Is 45419 a composite number?
True
Is 23269 prime?
True
Is 5779 a prime number?
True
Is 2453 prime?
False
Is 1015267 prime?
False
Is 31679 a composite number?
True
Is 165826 a composite number?
True
Is 173039 prime?
True
Is 11197 a prime number?
True
Is 25223 prime?
False
Is 195799 composite?
True
Is 13171 composite?
False
Is 80459 a composite number?
True
Is 32647 a composite number?
False
Is 1937 prime?
False
Is 10907 a prime number?
False
Is 58574 a composite number?
True
Is 2099 composite?
False
Is 607369 composite?
True
Is 58663 a composite number?
True
Is 14054 a composite number?
True
Is 17035 a prime number?
False
Is 34165 prime?
False
Is 9113 a composite number?
True
Is 307 a prime number?
True
Is 202051 a composite number?
True
Is 441403 a prime number?
True
Is 22189 prime?
True
Is 3777377 a prime number?
True
Is 19289 a prime number?
True
Is 42487 a composite number?
False
Is 430687 prime?
False
Is 51151 a composite number?
False
Is 57439 composite?
True
Is 30181 a composite number?
False
Is 47597 prime?
False
Is 30111 composite?
True
Is 12263 a composite number?
False
Is 1173031 a composite number?
True
Is 48593 a composite number?
False
Is 42787 composite?
False
Is 10667 a composite number?
False
Is 94709 a composite number?
False
Is 2033 composite?
True
Is 51929 a composite number?
False
Is 6931 a prime number?
False
Is 318382 a prime number?
False
Is 15811 composite?
True
Is 314257 prime?
True
Is 37151 composite?
True
Is 76345 a prime number?
False
Is 336333 a composite number?
True
Is 12787 prime?
False
Is 106583 composite?
True
Is 106487 a prime number?
True
Is 2426878 a prime number?
False
Is 6995 composite?
True
Is 140909 a prime number?
True
Is 38971 prime?
True
Is 172001 composite?
False
Is 108287 prime?
True
Is 5039 composite?
False
Is 29993 composite?
True
Is 9311 composite?
False
Is 295183 composite?
True
Is 392197 composite?
True
Is 33659 a composite number?
True
Is 46471 a prime number?
True
Is 19231 a composite number?
False
Is 111997 a composite number?
False
Is 226805 a prime number?
False
Is 89333 composite?
True
Is 11309 a prime number?
False
Is 7187 composite?
False
Is 173021 a prime number?
True
Is 15089 a prime number?
False
Is 6115 a prime number?
False
Is 8081 prime?
True
Is 7747